{"id":66,"date":"2023-11-05T21:31:04","date_gmt":"2023-11-05T21:31:04","guid":{"rendered":"https:\/\/preference-consortium.eu\/?page_id=66"},"modified":"2025-11-13T14:46:05","modified_gmt":"2025-11-13T14:46:05","slug":"publication","status":"publish","type":"page","link":"https:\/\/preference-consortium.eu\/?page_id=66","title":{"rendered":"List of Publications"},"content":{"rendered":"\n<figure class=\"wp-block-image size-large\"><img fetchpriority=\"high\" decoding=\"async\" width=\"1024\" height=\"283\" src=\"https:\/\/preference-consortium.eu\/wp-content\/uploads\/2023\/11\/facebook_cover_photo_1-1-1024x283.jpg\" alt=\"\" class=\"wp-image-195\" srcset=\"https:\/\/preference-consortium.eu\/wp-content\/uploads\/2023\/11\/facebook_cover_photo_1-1-1024x283.jpg 1024w, https:\/\/preference-consortium.eu\/wp-content\/uploads\/2023\/11\/facebook_cover_photo_1-1-300x83.jpg 300w, https:\/\/preference-consortium.eu\/wp-content\/uploads\/2023\/11\/facebook_cover_photo_1-1-768x212.jpg 768w, https:\/\/preference-consortium.eu\/wp-content\/uploads\/2023\/11\/facebook_cover_photo_1-1.jpg 1511w\" sizes=\"(max-width: 1024px) 100vw, 1024px\" \/><\/figure>\n\n\n\n<h3 class=\"wp-block-heading alignwide\">On this page you will find an overview of LAFOV PET\/CT related publications by the PREFERENCE consortium.<\/h3>\n\n\n\n<h2 class=\"wp-block-heading alignwide has-small-font-size\"><a href=\"https:\/\/preference-consortium.eu\/\">Back to home page<\/a><\/h2>\n\n\n\n<h3 class=\"wp-block-heading alignwide\">List of publications<\/h3>\n\n\n\n<div class=\"wp-block-columns alignwide is-layout-flex wp-container-core-columns-is-layout-28f84493 wp-block-columns-is-layout-flex\">\n<div class=\"wp-block-column is-layout-flow wp-block-column-is-layout-flow\">\n<ul class=\"wp-block-list\">\n<li><strong>2025:<\/strong><\/li>\n\n\n\n<li>New Opportunities for Pediatric Imaging. Dias AH, Andersen KF, Fosb\u00f8l M\u00d8, Gormsen LC, Andersen FL, Munk OL.. Semin Nucl Med. 2025.doi: 10.1053\/j.semnuclmed.2024.10.007.<\/li>\n\n\n\n<li>Large scale comparison of maximum likelihood scatter scaling and tail-fitted scatter scaling in LAFOV PET\/CT. Overbeck N, Holm S, Teimoorisichani M, Conti M, Lund Andersen T, Littrup Andersen F. &nbsp;EJNMMI Phys. 2025 Sep 29;12(1):85. doi: 10.1186\/s40658-025-00796-7.<\/li>\n\n\n\n<li>A digital twin of the Biograph Vision Quadra long axial field of view PET\/CT: Monte Carlo simulation and image reconstruction framework. C. M. Pommranz, E. A. Elmoujarkach, W. Lan, J. Cabello, P. M. Linder, H. P. Vo, J. G. Mannheim, A. Santangelo, M. Conti, C. la Foug\u00e8re, M. Rafecas, and F. P. Schmidt, EJNMMI Physics, 2025, doi: 10.1186\/s40658-025-00738-3.<\/li>\n\n\n\n<li>Feasibility of in vivo small animal imaging using a clinical total-body PET\/CT system. J. G. Mannheim, W. Lan, M. Conti, F. Siedler, M. A. Krueger, K. Herfert, C. La Foug\u00e8re, and F. P. Schmidt, ,\u201d EJNMMI Phys,  2025, doi: 10.1186\/s40658-025-00782-z.<\/li>\n\n\n\n<li>One-day dual-tracer examination in neuroendocrine neoplasms: a real advantage of low activity LAFOV PET imaging.&nbsp;E. Calder\u00f3n, L. S. Kiefer, F. P. Schmidt, W. Lan, A. S. Brendlin, C. P. Reinert, S. Singer, G. Reischl, M. Hinterleitner, H. Dittmann, C. la Foug\u00e8re, and N. F. Trautwein, Eur J Nucl Med Mol Imaging, 2025, doi: 10.1007\/s00259-025-07073-w.<\/li>\n\n\n\n<li>Low-activity [18F]-somatostatin receptor (SSTR) imaging using [18F]SiTATE on a long axial field-of-view PET\/CT scanner.&nbsp;N. F. Trautwein, E. Calder\u00f3n, P. M. Linder, G. Reischl, P. Driessen, W. Lan, A. S. Brendlin, T. Gro\u00df, H. Dittmann, M. Hinterleitner, C. la Foug\u00e8re, F. P. Schmidt, and L. S. Kiefer, EJNMMI Physics,  2025, doi: 10.1186\/s40658-025-00720-z.<\/li>\n\n\n\n<li>Artificial intelligence-assisted assessment of metabolic response to tebentafusp in metastatic uveal melanoma: a long axial field-of-view [18F]FDG PET\/CT study. Sachpekidis C, Machiraju D, Strauss DS, Pan L, Kopp-Schneider A, Edenbrandt L, Dimitrakopoulou-Strauss A, Hassel JC. Eur J Nucl Med Mol Imaging. 2025 . doi: 10.1007\/s00259-025-07504-8<\/li>\n\n\n\n<li>Impact of different parametric Patlak imaging approaches and comparison with a 2-tissue compartment pharmacokinetic model with a long axial field-of-view (LAFOV) PET\/CT in oncological patients. Pan L, Sachpekidis C, Hassel J, Christopoulos P, Dimitrakopoulou-Strauss A. Eur J Nucl Med Mol Imaging, 2025 . doi: 10.1007\/s00259-024-06879-4.<\/li>\n\n\n\n<li>Total Body PET-CT Protocols in Oncology. Dimitrakopoulou-Strauss A, Pan L, Sachpekidis C. Semin Nucl Med. 2025 doi: 10.1053\/j.semnuclmed.2024.05.008.<\/li>\n\n\n\n<li>Feasibility of an ultra-low-dose PET scan protocol with CT-Based and LSO-TX\u2013based attenuation correction using a long\u2013axial-field-of-view PET\/CT scanner. Hasan Sari, Mohammadreza Teimoorisichani, Marco Viscione, Clemens Mingels, Robert Seifert, Kuangyu Shi, Michael Morris, Eliot Siegel, Babak Saboury, Thomas Pyka, Axel Rominger, (2025). The Journal of Nuclear Medicine <a href=\"https:\/\/doi.org\/10.2967\/jnumed.124.268380\">https:\/\/doi.org\/10.2967\/jnumed.124.268380<\/a><\/li>\n\n\n\n<li>Long axial field of view PET\/CT: technical aspects in cardiovascular diseases Tonantzin Samara Martinez-Lucio, Oscar Isaac Mendoza-Iba\u00f1ez, Wanling Liu, Samaneh Mostafapour, Zekai Li, Laura Provid\u00eancia, Giordana Salvi de Souza, Philipp Mohr, Magdalena M Dobrolinska, Bram van Leer, Hendrea S A Tingen, Joyce van Sluis, Charalampos Tsoumpas, Andor W J M Glaudemans, Klaas Pieter Koopmans, Adriaan A Lammertsma, Riemer H J A Slart,  Seminars in Nuclear Medicine 2025. https:\/\/doi.org\/10.1053\/j.semnuclmed.2024.10.009<\/li>\n\n\n\n<li>Total-body PET\/CT: challenges and opportunities Clemens Mingels, Kevin J Chung, Austin R Pantel, Axel Rominger, Ian Alberts, Benjamin A Spencer, Lorenzo Nardo, Thomas Pyka,  Seminars in Nuclear Medicine 2025. <a href=\"https:\/\/doi.org\/10.1053\/j.semnuclmed.2024.08.003\">https:\/\/doi.org\/10.1053\/j.semnuclmed.2024.08.003<\/a><\/li>\n\n\n\n<li>Is long\u2013axial-field-of-view PET\/CT cost-effective? An international health\u2013economic analysis Ian Alberts, Stuart More, Karen Knapp, Riccardo Mei, Stefano Fanti, Clemens Mingels, Lorenzo Nardo, Nii Boye Hammond, Harish Nagaraj, Axel Rominger, Gary J.R. Cook, Don Wilson, The Journal of Nuclear Medicine 2025. https:\/\/doi.org\/10.2967\/ jnumed.124.269203<\/li>\n\n\n\n<li>Assessment of fully quantitative and simplified methods for analysis of 68Ga Ga-FAPI-46 uptake in patients with pancreatobiliary cancer using LAFOV PET\/CT. Xavier Palard-Novello, Rutger B Henrar, Daniela E Oprea-Lager, Matthijs C F Cysouw, Patrick Schober, Lioe-Fee de Geus-Oei, Alexander L Vahrmeijer, Harry Hendrikse, Geert Kazemier, Marijke den Hollander, Robert C Schuit, Albert D Windhorst, Ronald Boellaard, Rutger-Jan Swijnenburg, Maqsood Yaqub. European Journal of Nuclear Medicine and Molecular Imaging. 2025. <a href=\"https:\/\/doi.org\/10.1007\/s00259-024-07037-6\">https:\/\/doi.org\/10.1007\/s00259-024-07037-6<\/a><\/li>\n\n\n\n<li>Long-axial field-of-view PET\/CT improves radiomics feature reliability. Ian L Alberts, Song Xue, Hasan Sari, Lara Cavinato, George Prenosil, Ali Afshar-Oromieh, Clemens Mingels, Kuangyu Shi, Federico Caobelli, Arman Rahmim, Thomas Pyka, Axel Rominger, (2025). European Journal of Nuclear Medicine and Molecular Imaging <a href=\"https:\/\/doi.org\/10.1007\/s00259-024-06921-5\">https:\/\/doi.org\/10.1007\/s00259-024-06921-5<\/a> Validating image-derived input functions of dynamic 18F-FDG long axial field-of-view PET\/CT studies Charlotte L C Smith, Gerben J C Zwezerijnen, Marijke E den Hollander, Henricus N J M Greuter, Nienke R Gerards, Jos\u00e9e Zijlstra, C Willemien Menke-van der Houven van Oordt, Idris Bahce, Maqsood Yaqub, Ronald Boellaard. Frontiers in Medicine. 2025. https:\/\/doi.org\/10.3389\/fnume.2025.1556848<\/li>\n<\/ul>\n\n\n\n<p><\/p>\n\n\n\n<ul class=\"wp-block-list\">\n<li><strong>2024<\/strong>:<\/li>\n\n\n\n<li>Single-voxel delay map from long-axial field-of-view PET scans. Nielsen FB, Lindberg U, Bordallo HN, Johnbeck CB, Law I, Fischer BM, Andersen FL, Andersen TL. Front Nucl Med. 2024 Apr 19;4:1360326. doi: 10.3389\/fnume.2024.1360326.<\/li>\n\n\n\n<li>CT-Free Attenuation Correction in Paediatric Long Axial Field-of-View Positron Emission Tomography Using Synthetic CT from Emission Data. Montgomery, Maria Elkj\u00e6r, Flemming Littrup Andersen, Ren\u00e9 Mathiasen, Lise Borgwardt, Kim Francis Andersen, and Claes N\u00f8hr Ladefoged. Diagnostics 14, no. 24: 2788.&nbsp;<a href=\"https:\/\/eur04.safelinks.protection.outlook.com\/?url=https%3A%2F%2Fdoi.org%2F10.3390%2Fdiagnostics14242788&amp;data=05%7C02%7Cr.boellaard%40amsterdamumc.nl%7C2274baee50374eac4c0308dd2e311513%7C68dfab1a11bb4cc6beb528d756984fb6%7C0%7C0%7C638717510539197946%7CUnknown%7CTWFpbGZsb3d8eyJFbXB0eU1hcGkiOnRydWUsIlYiOiIwLjAuMDAwMCIsIlAiOiJXaW4zMiIsIkFOIjoiTWFpbCIsIldUIjoyfQ%3D%3D%7C0%7C%7C%7C&amp;sdata=MrzyV5Ov8CyuxEc%2BSSBh3l8DvVmA0RinQZ8xE4URbns%3D&amp;reserved=0\">https:\/\/doi.org\/10.3390\/diagnostics14242788<\/a><\/li>\n\n\n\n<li>Automated Quantitative Image-Derived Input Function for the Estimation of Cerebral Blood Flow Using Oxygen-15-Labelled Water on a Long-Axial Field-of-View PET\/CT Scanner. Diagnostics (Basel). Andersen TL, Andersen FL, Haddock B, Rosenbaum S, Larsson HBW, Law I, Lindberg U. 2024 Jul 24;14(15):1590. doi: 10.3390\/diagnostics14151590.<\/li>\n\n\n\n<li>Combined whole-body dynamic and static PET\/CT with low-dose [18F]PSMA-1007 in prostate cancer patients. Sachpekidis C, Pan L, Groezinger M, Strauss DS, Dimitrakopoulou-Strauss A. Eur J Nucl Med Mol Imaging. 2024 Jun;51(7):2137-2150. doi: 10.1007\/s00259-024-06620-1.<\/li>\n\n\n\n<li>Impact of Reduced Image Noise on Deauville Scores in Patients with Lymphoma Scanned on a Long-Axial Field-of-View PET\/CT-Scanner. Korsholm K, Overbeck N, Dias AH, Loft A, Andersen FL, Fischer BM. Diagnostics (Basel). 2023 Mar 2;13(5):947. doi: 10.3390\/diagnostics13050947<\/li>\n\n\n\n<li>Brain perfusion estimation by Tikhonov model-free deconvolution in a long axial field of view PET\/CT scanner exploring five different PET tracers. Larsson HBW, Law I, Andersen TL, Andersen FL, Fischer BM, Vestergaard MB, Larsson TSW, Lindberg U. Eur J Nucl Med Mol Imaging. 2024 Feb;51(3):707-720. doi: 10.1007\/s00259-023-06469-w<\/li>\n\n\n\n<li>Attenuation Correction of Long Axial Field-of-View Positron Emission Tomography Using Synthetic Computed Tomography Derived from the Emission Data: Application to Low-Count Studies and Multiple Tracers. Montgomery ME, Andersen FL, d&#8217;Este SH, Overbeck N, Cramon PK, Law I, Fischer BM, Ladefoged CN. Diagnostics (Basel). 2023 Dec 14;13(24):3661. doi: 10.3390\/diagnostics13243661<\/li>\n\n\n\n<li>Performing [18F]MFBG Long-Axial-Field-of-View PET\/CT Without Sedation or General Anesthesia for Imaging of Children with Neuroblastoma. Borgwardt L, Brok J, Andersen KF, Madsen J, Gillings N, Fosb\u00f8l M\u00d8, Denholt CL, Petersen IN, S\u00f8rensen LS, Enevoldsen LH, Oturai PS, Johannesen HH, H\u00f8jgaard L, Schulze C, Saxtoft E, Andersen F, Fischer BM. J Nucl Med. 2024 Aug 1;65(8):1286-1292. doi: 10.2967\/jnumed.123.267256<\/li>\n\n\n\n<li>Device-Less Data-Driven Cardiac and Respiratory Gating Using LAFOV PET Histo Images. Overbeck N, Andersen TL, Rodell AB, Cabello J, Birge N, Schleyer P, Conti M, Korsholm K, Fischer BM, Andersen FL, Lindberg U. Diagnostics (Basel). 2024 Sep 16;14(18):2055. doi: 10.3390\/diagnostics14182055.<\/li>\n\n\n\n<li>QUALIPAED-A retrospective quality control study evaluating pediatric long axial field-of-view low-dose FDG-PET\/CT. Honor\u00e9 d&#8217;Este S, Andersen FL, Schulze C, Saxtoft E, Fischer BM, Andersen KF. Front Nucl Med. 2024 Jun 13;4:1398773. doi: 10.3389\/fnume.2024.1398773<\/li>\n\n\n\n<li>Long-axial field-of-view PET\/CT for the assessment of inflammation in calcified coronary artery plaques with [68 Ga]Ga-DOTA-TOC. Mingels C, Sari H, G\u00f6zl\u00fcg\u00f6l N, Bregenzer C, Knappe L, Krieger K, Afshar-Oromieh A, Pyka T, Nardo L, Gr\u00e4ni C, Alberts I, Rominger A, Caobelli F. Eur J Nucl Med Mol Imaging. 2024 Jan;51(2):422-433. doi: 10.1007\/s00259-023-06435-6<\/li>\n\n\n\n<li>The clinical acceptability of short versus long duration acquisitions for head and neck cancer using long-axial field-of-view PET\/CT: a retrospective evaluation. Mei R, Pyka T, Sari H, Fanti S, Afshar-Oromieh A, Giger R, Caobelli F, Rominger A, Alberts I. Eur J Nucl Med Mol Imaging. 2024 Apr;51(5):1436-1443. doi: 10.1007\/s00259-023-06516-6.<\/li>\n\n\n\n<li>Phantom study for 90Y liver radioembolization dosimetry with a long axial field-of-view PET\/CT. Mercolli L, Zeimpekis K, Prenosil GA, Sari H, Rathke HG, Rominger A, Shi K. Phys Med. 2024 Feb;118:103296. doi: 10.1016\/j.ejmp.2024.103296.<\/li>\n\n\n\n<li>Internal dosimetry study of [82Rb]Cl using a long axial field-of-view PET\/CT. Mercolli L, Bregenzer C, Diemling M, Mingels C, Rominger A, Sari H, Seibel S, Sohlberg A, Viscione M, Caobelli F. Eur J Nucl Med Mol Imaging. 2024 Jun;51(7):1869-1875. doi: 10.1007\/s00259-024-06660-7<\/li>\n\n\n\n<li>Optimization and impact of sensitivity mode on abbreviated scan protocols with population-based input function for parametric imaging of [18F]-FDG for a long axial FOV PET scanner. Lan W, Sari H, Rominger A, Foug\u00e8re C, Schmidt FP. Eur J Nucl Med Mol Imaging. 2024 Sep;51(11):3346-3359. doi: 10.1007\/s00259-024-06745-3<\/li>\n\n\n\n<li>Long-axial field-of-view PET\/CT improves radiomics feature reliability. Alberts IL, Xue S, Sari H, Cavinato L, Prenosil G, Afshar-Oromieh A, Mingels C, Shi K, Caobelli F, Rahmim A, Pyka T, Rominger A. Eur J Nucl Med Mol Imaging. 2024 Oct 31. doi: 10.1007\/s00259-024-06921-5.<\/li>\n\n\n\n<li>Mitigating SUV uncertainties using total body PET imaging. Smith CLC, Zwezerijnen GJC, den Hollander ME, Weijland J, Yaqub M, Boellaard R. Eur J Nucl Med Mol Imaging. 2024 Mar;51(4):1070-1078. doi: 10.1007\/s00259-023-06503-x.<\/li>\n\n\n\n<li>Validation of image-derived input function using a long axial field of view PET\/CT scanner for two different tracers. Palard-Novello X, Visser D, Tolboom N, Smith CLC, Zwezerijnen G, van de Giessen E, den Hollander ME, Barkhof F, Windhorst AD, van Berckel BN, Boellaard R, Yaqub M. EJNMMI Phys. 2024 Mar 13;11(1):25. doi: 10.1186\/s40658-024-00628-0<\/li>\n\n\n\n<li>Ultra-low foetal radiation exposure in 18F-FDG PET\/CT imaging with a long axial field-of-view PET\/CT system. Smith CLC, Yaqub M, Wellenberg RHH, Knip JJ, Boellaard R, Zwezerijnen GJC. EJNMMI Phys. 2024 May 24;11(1):45. doi: 10.1186\/s40658-024-00648-w<\/li>\n\n\n\n<li>Ultrashort Oncologic Whole-Body [(18)F]FDG Patlak Imaging Using LAFOV PET. van Sluis J, van Snick JH, Glaudemans AWJM, Slart RHJA, Noordzij W, Brouwers AH, Dierckx RAJO, Lammertsma AA, Tsoumpas C, Boellaard R. J Nucl Med. 2024 Oct 1;65(10):1652-1657. doi: 10.2967\/jnumed.124.267784<\/li>\n\n\n\n<li>Long Axial Field of View PET\/CT: Technical Aspects in Cardiovascular Diseases. Martinez-Lucio TS, Mendoza-Iba\u00f1ez OI, Liu W, Mostafapour S, Li Z, Provid\u00eancia L, Salvi de Souza G, Mohr P, Dobrolinska MM, van Leer B, Tingen HSA, van Sluis J, Tsoumpas C, Glaudemans AWJM, Koopmans KP, Lammertsma AA, Slart RHJA. Semin Nucl Med. 2025 Jan;55(1):52-66. doi: 10.1053\/j.semnuclmed.2024.10.009.<\/li>\n\n\n\n<li>Ultra-low dose CT scanning for PET\/CT. S, Greuter M, van Snick JH, Brouwers AH, Dierckx RAJO, van Sluis J, Lammertsma AA,\u00a0Tsoumpas C.Med Phys. 2024 Jan;51(1):139-155. doi: 10.1002\/mp.16862<br><br><\/li>\n\n\n\n<li><strong>2023<\/strong>:<\/li>\n\n\n\n<li>Quantitative Perfusion Imaging with Total-Body PET. Knuuti J, Tuisku J, K\u00e4rpijoki H, Iida H, Maaniitty T, Latva-Rasku A, Oikonen V, Nesterov SV, Teuho J, Jaakkola MK, Kl\u00e9n R, Louhi H, Saunavaara V, Nuutila P, Saraste A, Rinne J, Nummenmaa L. J Nucl Med. 2023 Nov;64(Suppl 2):11S-19S. doi: 10.2967\/jnumed.122.264870.<\/li>\n\n\n\n<li>Current and Future Use of Long Axial Field-of-View Positron Emission Tomography\/Computed Tomography Scanners in Clinical Oncology. Roya M, Mostafapour S, Mohr P, Provid\u00eancia L, Li Z, van Snick JH, Brouwers AH, Noordzij W, Willemsen ATM, Dierckx RAJO, Lammertsma AA, Glaudemans AWJM, Tsoumpas C, Slart RHJA, van Sluis J. Cancers (Basel). 2023 Oct 27;15(21):5173. doi: 10.3390\/cancers15215173<\/li>\n\n\n\n<li>Collection on total-body PET. Shi K, Tsoumpas C. EJNMMI Phys. 2023 Jul 10;10(1):42. doi: 10.1186\/s40658-023-00550-x<\/li>\n\n\n\n<li>Long axial field of view (LAFOV) PET-CT: implementation in static and dynamic oncological studies. Dimitrakopoulou-Strauss A, Pan L, Sachpekidis C.Eur J Nucl Med Mol Imaging. 2023 Sep;50(11):3354-3362. doi: 10.1007\/s00259-023-06222-3<\/li>\n\n\n\n<li>Quantitative Perfusion Imaging with Total-Body PET. Knuuti J, Tuisku J, K\u00e4rpijoki H, Iida H, Maaniitty T, Latva-Rasku A, Oikonen V, Nesterov SV, Teuho J, Jaakkola MK, Kl\u00e9n R, Louhi H, Saunavaara V, Nuutila P, Saraste A, Rinne J, Nummenmaa L. J Nucl Med. 2023 Nov;64(Suppl 2):11S-19S. doi: 10.2967\/jnumed.122.264870 <\/li>\n\n\n\n<li>Long Versus Short Axial Field of View Immuno-PET\/CT: Semiquantitative Evaluation for 89Zr-Trastuzumab. Mohr P, van Sluis J, Provid\u00eancia L, van Snick JH, Lub-de Hooge MN, Willemsen AT, Glaudemans AWJM, Boellaard R, Lammertsma AA, Brouwers AH, Tsoumpas C. J Nucl Med. 2023 Nov;64(11):1815-1820. doi: 10.2967\/jnumed.123.265621.<\/li>\n\n\n\n<li>Phantom-based evaluation of yttrium-90 datasets using biograph vision quadra. Zeimpekis KG, Mercolli L, Conti M, Sari H, Prenosil G, Shi K, Rominger A. Eur J Nucl Med Mol Imaging. 2023 Mar;50(4):1168-1182. doi: 10.1007\/s00259-022-06074-3.<\/li>\n\n\n\n<li> Optimization of Y-90 Radioembolization Imaging for Post-Treatment Dosimetry on a Long Axial Field-of-View PET\/CT Scanner. Linder PM, Lan W, Trautwein NF, Brosch-Lenz J, von Beschwitz S, Kupferschl\u00e4ger J, Reischl G, Gr\u00f6zinger G, Dittmann H, la Foug\u00e8re C, et al. Diagnostics. 2023; 13(22):3418. https:\/\/doi.org\/10.3390\/diagnostics13223418&nbsp;<\/li>\n\n\n\n<li>Image Quality and Quantitative PET Parameters of Low-Dose [18F]FDG PET in a Long Axial Field-of-View PET\/CT Scanner. Calder\u00f3n E, Schmidt FP, Lan W, Castaneda-Vega S, Brendlin AS, Trautwein NF, Dittmann H, la Foug\u00e8re C, Kiefer LS. Diagnostics (Basel). 2023 Oct 18;13(20):3240. doi: 10.3390\/diagnostics13203240. PMID: 37892061; PMCID: PMC10606613.<\/li>\n\n\n\n<li>Impact of the maximum ring difference on image quality and noise characteristics of a total-body PET\/CT scanner. Schmidt FP, Mannheim JG, Linder PM, Will P, Kiefer LS, Conti M, la Foug\u00e8re C, Rausch I. Z Med Phys. 2023 Oct 20:S0939-3889(23)00113-7. doi: 10.1016\/j.zemedi.2023.09.001. Epub ahead of print. PMID: 37867050.<\/li>\n\n\n\n<li>Characterization of the partial volume effect along the axial field-of-view of the Biograph Vision Quadra total-body PET\/CT system for multiple isotopes. Mannheim JG, Rausch I, Conti M, la Foug\u00e8re C, Schmidt FP.  EJNMMI Phys. 2023 May 27;10(1):33. doi: 10.1186\/s40658-023-00554-7. PMID: 37243869; PMCID: PMC10224893<\/li>\n\n\n\n<li>Brain perfusion estimation by Tikhonov model-free deconvolution in a long axial field of view PET\/CT scanner exploring five different PET tracers. Larsson HBW, Law I, Andersen TL, Andersen FL, Fischer BM, Vestergaard MB, Larsson TSW, Lindberg U. Eur J Nucl Med Mol Imaging. 2023 Oct 16. doi: 10.1007\/s00259-023-06469-w. Epub ahead of print. PMID: 37843600.<\/li>\n\n\n\n<li>Impact of Reduced Image Noise on Deauville Scores in Patients with Lymphoma Scanned on a Long-Axial Field-of-View PET\/CT-Scanner. Korsholm K, Overbeck N, Dias AH, Loft A, Andersen FL, Fischer BM.  Diagnostics (Basel). 2023 Mar 2;13(5):947. doi: 10.3390\/diagnostics13050947. PMID: 36900090; PMCID: PMC10000539.<\/li>\n\n\n\n<li>[<sup>18<\/sup>F]mFBG long axial field of view PET-CT without general anaesthesia reveals concise extension of neuroblastoma in a 9-month-old boy. Borgwardt L, Brok JS, Andersen KF, Madsen J, Gillings N, Fosb\u00f8l M\u00d8, Denholt CL, Wehner PS, Enevoldsen LH, Oturai P, Czyzewska D, Johannesen HH, H\u00f8jgaard L, Petersen IN, S\u00f8rensen LS, Schulze C, Saxtoft ES, Andersen FL, Fischer BM.  Eur J Nucl Med Mol Imaging. 2023 Jul;50(8):2563-2564. doi: 10.1007\/s00259-023-06160-0. Epub 2023 Feb 28. PMID: 36849749; PMCID: PMC10250494.<\/li>\n\n\n\n<li>Potential Clinical Impact of LAFOV PET\/CT: A Systematic Evaluation of Image Quality and Lesion Detection. Honor\u00e9 d\u2019Este, S.; Andersen, F.L.; Andersen, J.B.; Jakobsen, A.L.; Sanchez Saxtoft, E.; Schulze, C.; Hansen, N.L.; Andersen, K.F.; Reichkendler, M.H.; H\u00f8jgaard, L.; et al. Diagnostics 2023, 13, 3295. https:\/\/doi.org\/10.3390\/diagnostics13213295<\/li>\n\n\n\n<li>Staging of breast cancer in pregnancy with ultralow dose [18F]-FDG-PET\/CT. Korsholm K, Aleksyniene R, Albrecht-Beste E, Vadstrup ES, Andersen FL, Fischer BM.  Eur J Nucl Med Mol Imaging. 2023 Apr;50(5):1534-1535. doi: 10.1007\/s00259-022-06076-1. Epub 2022 Dec 12. PMID: 36508027.<br><br><\/li>\n\n\n\n<li><strong>2022:<\/strong><\/li>\n\n\n\n<li>Shortened duration whole body 18F-FDG PET Patlak imaging on the Biograph Vision Quadra PET\/CT using a population-averaged input function. van Sluis J, van Snick JH, Brouwers AH, Noordzij W, Dierckx RAJO, Borra RJH, Lammertsma AA, Glaudemans AWJM, Slart RHJA, Yaqub M, Tsoumpas C, Boellaard R. EJNMMI Phys. 2022 Oct 29;9(1):74. doi: 10.1186\/s40658-022-00504-9<\/li>\n\n\n\n<li>EARL compliance and imaging optimisation on the Biograph Vision Quadra PET\/CT using phantom and clinical data. van Sluis J, van Snick JH, Brouwers AH, Noordzij W, Dierckx RAJO, Borra RJH, Slart RHJA, Lammertsma AA, Glaudemans AWJM, Boellaard R, Tsoumpas C. Eur J Nucl Med Mol Imaging. 2022 Nov;49(13):4652-4660. doi: 10.1007\/s00259-022-05919-1.<\/li>\n\n\n\n<li>Extending the clinical capabilities of short- and long-lived positron-emitting radionuclides through high sensitivity PET\/CT. van Sluis J, Borra R, Tsoumpas C, van Snick JH, Roya M, Ten Hove D, Brouwers AH, Lammertsma AA, Noordzij W, Dierckx RAJO, Slart RHJA, Glaudemans AWJM. Cancer Imaging. 2022 Dec 16;22(1):69. doi: 10.1186\/s40644-022-00507-w.<\/li>\n\n\n\n<li>First-time imaging of [89Zr]trastuzumab in breast cancer using a long axial field-of-view PET\/CT scanner. Brouwers AH, van Sluis J, van Snick JH, Schr\u00f6der CP, Baas IO, Boellaard R, Glaudemans AWJM, Borra RJH, Lammertsma AA, Dierckx RAJO, Tsoumpas C. Eur J Nucl Med Mol Imaging. 2022 Aug;49(10):3593-3595. doi: 10.1007\/s00259-022-05777-x.<\/li>\n\n\n\n<li>Image quality assessment along the one metre axial field-of-view of the total-body Biograph Vision Quadra PET\/CT system for 18F-FDG. Rausch I, Mannheim JG, Kupferschl\u00e4ger J, la Foug\u00e8re C, Schmidt FP. EJNMMI Phys. 2022 Dec 14;9(1):87. doi: 10.1186\/s40658-022-00516-5. PMID: 36513949; PMCID: PMC9747988.<\/li>\n\n\n\n<li>A Long Axial Field of View Enables PET\/CT in Toddler Without Sedation. Reichkendler M, Andersen FL, Borgwardt L, Nygaard U, Albrecht-Beste E, Andersen KF, Ljunggren A, Abrahamsen N, Loft A, H\u00f8jgaard L, Fischer BM. J Nucl Med. 2022 Dec;63(12):1962. doi: 10.2967\/jnumed.121.263626. Epub 2022 Jun 16. PMID: 35710737.<br><br><\/li>\n\n\n\n<li><strong>2021:<\/strong><\/li>\n\n\n\n<li>EARL compliance measurements on the biograph vision Quadra PET\/CT system with a long axial field of view. Prenosil GA, Hentschel M, Weitzel T, Sari H, Shi K, Afshar-Oromieh A, Rominger A. EJNMMI Phys. 2022 Apr 8;9(1):26. doi: 10.1186\/s40658-022-00455-1.<\/li>\n\n\n\n<li>Performance Characteristics of the Biograph Vision Quadra PET\/CT System with a Long Axial Field of View Using the NEMA NU 2-2018 Standard. Prenosil GA, Sari H, F\u00fcrstner M, Afshar-Oromieh A, Shi K, Rominger A, Hentschel M. J Nucl Med. 2022 Mar;63(3):476-484. doi: 10.2967\/jnumed.121.261972. Epub 2021 Jul 22.<\/li>\n\n\n\n<li>Clinical performance of long axial field of view PET\/CT: a head-to-head intra-individual comparison of the Biograph Vision Quadra with the Biograph Vision PET\/CT. Alberts I, H\u00fcnermund JN, Prenosil G, Mingels C, Bohn KP, Viscione M, Sari H, Vollnberg B, Shi K, Afshar-Oromieh A, Rominger A. Eur J Nucl Med Mol Imaging. 2021 Jul;48(8):2395-2404. doi: 10.1007\/s00259-021-05282-7.<\/li>\n\n\n\n<li>Long axial field of view PET scanners: a road map to implementation and new possibilities. Slart RHJA, Tsoumpas C, Glaudemans AWJM, Noordzij W, Willemsen ATM, Borra RJH, Dierckx RAJO, Lammertsma AA. Eur J Nucl Med Mol Imaging. 2021 Dec;48(13):4236-4245. doi: 10.1007\/s00259-021-05461-6.<\/li>\n<\/ul>\n<\/div>\n<\/div>\n\n\n\n<h2 class=\"wp-block-heading alignwide has-small-font-size\"><a href=\"https:\/\/preference-consortium.eu\/\">Back to home page<\/a><\/h2>\n","protected":false},"excerpt":{"rendered":"<p>On this page you will find an overview of LAFOV PET\/CT related publications by the PREFERENCE consortium. Back to home page List of publications Back to home page<\/p>\n","protected":false},"author":1,"featured_media":0,"parent":0,"menu_order":0,"comment_status":"closed","ping_status":"closed","template":"blank","meta":{"footnotes":""},"class_list":["post-66","page","type-page","status-publish","hentry"],"_links":{"self":[{"href":"https:\/\/preference-consortium.eu\/index.php?rest_route=\/wp\/v2\/pages\/66","targetHints":{"allow":["GET"]}}],"collection":[{"href":"https:\/\/preference-consortium.eu\/index.php?rest_route=\/wp\/v2\/pages"}],"about":[{"href":"https:\/\/preference-consortium.eu\/index.php?rest_route=\/wp\/v2\/types\/page"}],"author":[{"embeddable":true,"href":"https:\/\/preference-consortium.eu\/index.php?rest_route=\/wp\/v2\/users\/1"}],"replies":[{"embeddable":true,"href":"https:\/\/preference-consortium.eu\/index.php?rest_route=%2Fwp%2Fv2%2Fcomments&post=66"}],"version-history":[{"count":54,"href":"https:\/\/preference-consortium.eu\/index.php?rest_route=\/wp\/v2\/pages\/66\/revisions"}],"predecessor-version":[{"id":251,"href":"https:\/\/preference-consortium.eu\/index.php?rest_route=\/wp\/v2\/pages\/66\/revisions\/251"}],"wp:attachment":[{"href":"https:\/\/preference-consortium.eu\/index.php?rest_route=%2Fwp%2Fv2%2Fmedia&parent=66"}],"curies":[{"name":"wp","href":"https:\/\/api.w.org\/{rel}","templated":true}]}}